4*f. Suppose -f*l = -3*l + 4*j - 6, -3*j = 0. Is p(l) a prime number?
False
Let i(j) = -j**3 + 11*j**2 - 10*j - 8. Let m be i(9). Let b = -11 + m. Is b composite?
False
Suppose 2*v + 4 = 4*x - 0*v, -3*x + 16 = 5*v. Let n be (-22)/(-10) - x/10. Suppose -1053 = -5*z + n*s - 120, 3*z - 2*s - 563 = 0. Is z composite?
True
Let m(z) = 33*z - 3. Let l be m(-6). Let i = -70 - l. Is i composite?
False
Let z(y) = -10*y**3 + 8*y**2 - y - 22. Let t(v) = 3*v**3 - 3*v**2 + 7. Let a(l) = -7*t(l) - 2*z(l). Is a(-6) a composite number?
False
Let w be 3355/(-20) + (-2)/8. Let a = -62 - w. Let g = a + 9. Is g composite?
True
Suppose -2*s + 6*s = 332. Suppose -2*j + 13 - 96 = -f, -2*j = f - s. Is f prime?
True
Let y(n) = -4*n + 4*n**2 - 5*n**2 + 5*n**2 + n**3 - 1. Let v be y(4). Suppose 3*w - v = -0*w. Is w a prime number?
True
Let s be (-3)/(-9) - (-194)/3. Suppose -4*d - d + s = 0. Is d prime?
True
Let h(y) = 162*y**2 + 1. Let m be h(1). Let s = 109 - m. Is (s/12)/((-1)/2) a prime number?
False
Suppose -5*x = -p + 4*p - 911, 1220 = 4*p + 4*x. Is p composite?
False
Suppose 12 = -4*h, 4*h - 5 + 19 = -2*d. Suppose a - 67 = -m + 4*a, 240 = 3*m + 4*a. Is (d/2)/((-2)/m) a composite number?
False
Let c be 2 - -1 - 0 - 20. Let u = c - -38. Is u a prime number?
False
Suppose 0 = 3*b, 5*i - 5*b - 16825 = -7*b. Is i a prime number?
False
Is (-97)/(4 - (-18)/(-4)) prime?
False
Let v(g) = -40*g + 13. Let l be v(-6). Let n = 458 - l. Is n a composite number?
True
Let i(o) = -o**3 + o**2 + 11*o - 1. Is i(-10) composite?
True
Let z be 20/14 + (-44)/(-77). Is (2/z - 0)*149 prime?
True
Suppose 3*i = -9 - 0, r + 4*i + 12 = 0. Suppose 3*y + y - 1172 = r. Is y a composite number?
False
Let p = 2 + -1. Is 97*(p + -2 - -2) composite?
False
Suppose 4*v = 2*m + 13 - 139, 264 = 4*m + 4*v. Is m a prime number?
False
Let x = 19 + -10. Suppose -4*z - x = -101. Is z a composite number?
False
Let c = -50 + 217. Let p = 0 - -5. Suppose -f - p*t + 50 = 0, -f - 2*f + 2*t + c = 0. Is f composite?
True
Suppose -x - 5*g = 23, 3*g + 7 = -6*x + 2*x. Let f be (1/x)/(4/24). Suppose -l + 3 = 0, 0 = -0*u + f*u + 3*l - 150. Is u a prime number?
True
Suppose 3*m - 3*u = 449 + 28, 4*m + 3*u - 650 = 0. Is m prime?
False
Suppose 0 = 2*v + s - 452 - 285, 4*v = 3*s + 1499. Is v composite?
True
Suppose -j - 5 + 7 = 0. Suppose -4*d - w + 3*w = -74, -3*d + j*w = -53. Is d a composite number?
True
Let q = 1 + 1. Let p = q + 72. Is p a prime number?
False
Suppose 5*d - 2*q - 31 = -q, -5*d - q = -39. Let s = -2 + d. Suppose s*r - 48 = -13. Is r prime?
True
Let d(f) = f - 16. Let x(p) = -p + 17. Let v(s) = -6*d(s) - 5*x(s). Let r = -7 + 7. Is v(r) a prime number?
True
Suppose 0 = -n + 312 + 43. Is n a prime number?
False
Let i(z) = -z**2 + 2*z + 1. Let x be i(2). Is 26*6/4*x prime?
False
Suppose -k = -23 - 4. Let a = k - 48. Let f = a - -136. Is f a composite number?
True
Suppose 8*g - 12*g + 6628 = 0. Is g composite?
False
Let o = -72 - -159. Is o prime?
False
Let b = 7 + -22. Let h = 37 + b. Is h a prime number?
False
Suppose 629 = 5*p - 626. Is p a composite number?
False
Let x be -3 + (-1 + 2)*5. Suppose -x*f + 2*k + 23 = -k, -15 = -5*f - k. Is f a prime number?
False
Suppose 2*o = -0*o + 36. Suppose 5*n = o + 412. Is n a composite number?
True
Suppose -22576 + 550 = -6*q. Is q a composite number?
False
Let q be -1*(0 + -1)*5. Suppose 0 = y - q*y. Suppose y*c - 70 = -2*c. Is c a composite number?
True
Let x(z) be the third derivative of -1/6*z**3 + 0*z**4 + 0*z - z**2 + 16/5*z**5 + 0. Is x(-1) composite?
False
Let l = 7 + -4. Suppose -5*i - 2*h = -339, -2*h - h + 207 = l*i. Is i prime?
True
Let u = 135 + -28. Let n = u + -74. Is n a composite number?
True
Let x = -4 + 6. Suppose x*k = 3*k - 418. Let g = k - 273. Is g composite?
True
Let m be (16/(-20))/((-2)/(-30)). Let l be 161/(-2) - m/(-8). Let z = l + 159. Is z a composite number?
True
Let k(y) = -12*y**3 - 2*y - 1. Suppose 0 = -h - j - 4 + 2, 30 = 5*h - 3*j. Let x = 2 - h. Is k(x) a prime number?
True
Suppose 0 = v + m - 453, v + 445 = 2*v - m. Is v composite?
False
Let t = 3 + -1. Suppose -2*k - 4 = t*k. Is (k/3)/(2/(-402)) a prime number?
True
Let l(o) = -9*o - 8. Is l(-10) a composite number?
True
Let b(k) = 34*k + 15. Is b(5) prime?
False
Suppose 66 = 2*l - 4*v, 2*l + 0*v + 3*v - 66 = 0. Is l prime?
False
Let i(o) = -121*o**2 + 3*o + 17. Let d(p) = -40*p**2 + p + 6. Let n = 0 + -6. Let c(s) = n*i(s) + 17*d(s). Is c(-1) prime?
True
Suppose -f - 4*f + 860 = 0. Suppose f = 5*x + 72. Suppose 0 = 5*r - 95 + x. Is r composite?
True
Suppose 8 = 4*r - 2*r - 2*q, -3*r - 3*q + 6 = 0. Suppose -919 = -r*g + o, -831 = -4*g + 3*o + 391. Is g a prime number?
True
Let z(r) = 3*r**3 - 4*r**3 + 3*r**2 + 0*r**2 - 2*r**2 + 2*r + 1. Is z(-3) a prime number?
True
Is -2 + 785 + -5*12/(-30) prime?
False
Let y(d) = d - 1. Let c be y(-3). Let v be ((-6)/c)/(6/8). Suppose -v*r + 4*p + 94 = 8*p, 0 = r - 2*p - 47. Is r composite?
False
Suppose 73*g - 69*g = 652. Is g a composite number?
False
Let y = 109 + -77. Let m = y + 371. Is m a prime number?
False
Is 25/(-20)*(2 - 246) a prime number?
False
Let r(g) = 46*g**2 + 2*g - 4. Let d(q) = -92*q**2 - 4*q + 9. Let z(s) = 3*d(s) + 7*r(s). Is z(1) prime?
True
Suppose 0*w - 1719 = -9*w. Is w a prime number?
True
Let x = -1 - -1. Suppose x = 5*f - 2*s + 185, 74 = f - 3*f + s. Let u = f + 60. Is u a composite number?
False
Let b(l) = 25*l - 1. Let s be b(-2). Let a = 73 + s. Is a a composite number?
True
Suppose 4*d = -d - 170. Let s = d + -110. Let k = -89 - s. Is k prime?
False
Is ((-4)/6)/((-4)/2130) a prime number?
False
Suppose 0 = 4*y + 4*j - 1772, -3*y + 2*j + j + 1341 = 0. Is y composite?
True
Let q be (-2 + 0)/((-4)/2). Let c(j) = 131*j**2 + j - 1. Is c(q) a prime number?
True
Let r = 48 + -26. Is r prime?
False
Suppose -d + 24 + 59 = 0. Is d a composite number?
False
Suppose 0 = i + 2*i - 204. Suppose -2*n + 206 = -274. Suppose 0 = -4*y + i + n. Is y a composite number?
True
Suppose 0 = 2*q - 3 - 1. Suppose -225 = -q*z - z. Suppose 2*h - 4*r = h + z, -2*h + 3*r + 170 = 0. Is h a composite number?
True
Suppose 0 = -8*q - 0*q + 13672. Is q a composite number?
False
Let q = 12 + -3. Let d(p) = -13*p**3 - 8*p**2 + 3*p - 28. Let k(a) = -3*a**3 - 2*a**2 + a - 7. Let w(n) = q*k(n) - 2*d(n). Is w(-5) a composite number?
False
Let b(y) = -2*y**3 - 3*y**2 - 3*y - 6. Let h be b(-4). Suppose -3*c = -4*c - 4*q + 1, 86 = -4*c + 2*q. Let g = c + h. Is g a prime number?
True
Let n(k) = -k**2 + 8*k + 12. Let d be n(9). Suppose d = p + 1. Is 34/(p + (-24)/14) a composite number?
True
Let n(h) = h**2 + 9*h + 10. Let x(p) = -2*p**2 - p - 2. Let z be x(-2). Is n(z) a prime number?
True
Suppose -3*v = -2*x + 591, -x + 4*x - 5*v - 888 = 0. Is x a composite number?
True
Is 12164/6 - (-155)/93 a composite number?
False
Suppose 3*v + 120 = 2*b - 13, -b + 5*v + 70 = 0. Suppose -531 = -4*l + b. Is l a prime number?
True
Suppose 0*r - 3*v + 38 = 5*r, -4*v = 4*r - 24. Is r a composite number?
True
Let g be (-1)/(-3*(-1)/21). Let o(i) = -6*i - 7. Is o(g) a prime number?
False
Let s be 3 + ((-218)/(-1) - 3). Suppose -4*x + 2*x = -s. Is x a composite number?
False
Let t = 3 + 0. Suppose t*k = 26 + 85. Is k prime?
True
Let b(p) = 2*p**2 - 11*p + 11. Let v(q) = -q**3 - 3*q**2 + q - 4. Let c be v(-4). Is b(c) composite?
True
Is 2/3*1776/32 composite?
False
Suppose 9 = x - 4*q - 7, -2*q - 8 = -3*x. Suppose 3*r - 139 - 395 = x. Is r a composite number?
True
Let g be -5*5/(25/(-4)). Suppose -g - 2 = -3*u. Suppose 0 = 5*b + 15, -124 = u*l - 3*l - 3*b. Is l a prime number?
False
Let c = 0 - -1. Let n be (c + 3/(-2))*-504. Suppose -2*p = -1 + 3, 3*j - 3*p - n = 0. Is j composite?
False
Suppose -3*x - 12 = -0. Let v be (1 - -410) + (x - -6). Let p = v - 228. Is p prime?
False
Let r(a) = -2*a + 4 - 9 + 5*a + 3*a. Let m be ((-2)/(-4))/((-2)/(-24)). Is r(m) a prime number?
True
Let u = -10 - -3. Let n(y) = 8 + 0*y**2 + 3*y**2 + 7*y - y**2. Is n(u) composite?
True
Let q = 282 + -118. Let u = q + -54. Suppose 0*b + u = 2*b. Is b prime?
False
Let b = 172 + -106. Is 6*(2 - b/(-4)) a prime number?
False
Let o(q) = 10*q**2 + q + 1. Is o(-2) a prime number?
False
Suppose 5*v - 419 = 126. Is v prime?
True
Suppose 0 = -5*p - 9 + 24. Suppose -p*v - 95 = -4*v. Is v a prime number?
